?
13
Suppose 12*o - 4*o = 88. Suppose o = 10*p - 21*p. Let i be (-1*2)/(p/25). What is the highest common factor of 10 and i?
10
Suppose 5*i - 530 = 4*o, 2961*o + 350 = 3*i + 2965*o. Calculate the greatest common factor of 990 and i.
110
Let t = -854 - -845. Let r be ((-42)/t)/(48/72). Suppose -26 = -3*l + 205. What is the highest common divisor of l and r?
7
Let g = 3985 + -3945. What is the greatest common factor of g and 920?
40
Let o be (3/9)/(1/6). Suppose 6 = -i + o*i. Suppose 4*s - 21 = 5*g, -s - 4*g = -5*g - 5. Calculate the highest common factor of s and i.
2
Suppose -2*k = -25 - 1. Let j be 16/(-48) - (k/(-3) - 0). Suppose -j*m - 4 = -8*m. What is the highest common factor of 6 and m?
1
Let z = 719 - 701. Let l be -2 + (-3 - -6) - -3. Suppose l*o - 54 = o. Calculate the greatest common divisor of z and o.
18
Let s(x) = x + 8. Let r be s(-4). Suppose -147 = -4*c + c + j, -196 = -r*c - j. Calculate the highest common factor of 343 and c.
49
Suppose 16 = -88*z + 92*z. Suppose -z*n + 5 = -71. Calculate the greatest common divisor of n and 817.
19
Suppose p - 427 = 4*s, -28*s + 1689 = 4*p - 25*s. Let d = -258 + p. Suppose -3*w + 75 = 2*w. Calculate the greatest common factor of d and w.
15
Let m be (13/2)/((-120)/16 + 8). Calculate the highest common factor of m and 5603.
13
Let z(y) = -201*y**2 + 9*y + 6. Let o be z(-1). Let a = o - -220. Suppose -57 = -2*k + 7. Calculate the greatest common factor of k and a.
16
Let a be 4*1*4/(-1). Let x(m) = -2*m**2 - 33*m - 2. Let j be x(a). Calculate the highest common factor of j and 224.
14
Let p(k) = 104*k + 9009. Let j be p(-86). What is the highest common factor of 19955 and j?
65
Suppose z + 3*u = 21, -u + 17 = -3*z + 5*z. Suppose -z*n = -288 + 36. Calculate the highest common factor of 1554 and n.
42
Let b be (-8)/(-4) - (-4 + 4 + 2). Suppose b = -c - 14*c - 4410. Let j = -98 - c. Calculate the greatest common divisor of j and 28.
28
Let k = -163 + 88. Let f = -57 - k. Suppose 8*w - 90 = 5*w. What is the highest common divisor of f and w?
6
Let u be 4/26 + 11 + 349/13. Suppose -9*p - 855 = -14*p. What is the greatest common divisor of p and u?
19
Let p(t) = t + 9. Suppose -2*o + 23 = -17. Let m be p(o). What is the greatest common factor of 87 and m?
29
Let s be -20*(-5)/(-60) + 19670/21 + -7. Let q be -2 - 34/2*-2. What is the highest common factor of s and q?
32
Let w be ((-10)/1)/((-660)/1584). What is the greatest common divisor of w and 8088?
24
Let i(j) = -j**3 + 18*j**2 + 24*j + 55. Let z be i(-3). Calculate the greatest common factor of 11524 and z.
172
Let k = -3268 - -3359. Calculate the greatest common divisor of k and 468.
13
Let w(q) = -2*q**2 - 50*q + 57. Let j be w(-26). Let v(b) = b**3 + 4*b**2 - 7*b + 5. Let o be v(j). What is the highest common divisor of o and 15?
15
Suppose 3*s + 5*a = 766, 4*s + 0*a - 1008 = -4*a. Let d be s/5 + 20/(-50). Suppose 4*n - 14 = 2*n. Calculate the highest common factor of n and d.
7
Suppose 102*c - 107*c + 825 = 0. Let h be (13/(-2))/((-8)/48). Let r = h - 24. What is the highest common factor of c and r?
15
Let t be (-10)/(-60)*-52*-84. Calculate the greatest common divisor of 117 and t.
13
Suppose 0 = -11*m + 160 + 1193. Suppose -33 = -j + 3*x, 3*j - x - 2*x - m = 0. What is the highest common factor of j and 9?
9
Let m = -2186 - -2578. What is the highest common divisor of 280 and m?
56
Let v(z) = 7*z**2 + 103*z + 606. Let w be v(-6). Calculate the greatest common divisor of w and 1470.
30
Let l = -1632 + 3323. Calculate the greatest common divisor of 89 and l.
89
Let s be (-77)/55 - 7/(-5). Suppose -6*c + 7*c - 20 = s. What is the greatest common factor of 4 and c?
4
Let j = -98 - -100. Suppose 0*u = j*u - 4*d - 816, 2*u - 5*d = 812. Calculate the highest common factor of 13 and u.
13
Let u(v) = v**2 - 11*v + 60. Let r be u(39). What is the greatest common divisor of 9 and r?
9
Let f = -57 - -62. Suppose -3*c + 150 = 3*q, c = f*q - 2*c - 290. Suppose -g = -3*g + 22. Calculate the greatest common factor of q and g.
11
Let m be (19 + 0)*7/7. Let d(y) = 11*y**2 - 3*y. Let q be d(2). Calculate the greatest common factor of q and m.
19
Suppose 2*j + 2*n + 46522 = 7*j, 2*j - 18600 = 3*n. Suppose 14*z = -33*z + j. Calculate the greatest common divisor of z and 18.
18
Let o = 140 - 135. Suppose 3*c = -o*c + 352. What is the highest common divisor of 484 and c?
44
Let l = 11505 + -8996. What is the greatest common divisor of 1351 and l?
193
Suppose 0 = -0*c - 4*c + 2*y + 18, 2*y = -5*c + 9. Suppose 174*o - 1900 = 155*o. Let u be (2 - c) + o/1. What is the greatest common divisor of u and 11?
11
Let x = 71 + -71. Let k(t) = t + 11. Let j be k(x). What is the greatest common factor of 187 and j?
11
Suppose -92 = -2*o + 5*b, -72*o + 71*o + b = -52. What is the highest common factor of o and 11816?
56
Let f(s) = -s**2 + 14*s + 122. Let a be f(20). Let p be (3/(-6))/(a/(-700)). Calculate the highest common divisor of p and 25.
25
Suppose -2*v = w - 5*w - 28, -2*v + 23 = w. Suppose 27*d = 79*d - 832. What is the highest common divisor of d and v?
4
Let o be (3 + (-6)/(-1))/((-42)/(-644)). Calculate the highest common divisor of 3818 and o.
46
Let s = -5 + 9. Let c = -1635 - -1320. Let j be (8/((-56)/c))/(2/s). Calculate the highest common factor of j and 18.
18
Suppose -45*y + 48*y - 18 = 0. Suppose y*d - 10 = 26. Let c be 17/3 - d/9. What is the highest common factor of c and 5?
5
Let y(b) = 11*b + 965. Let m be y(-73). What is the highest common divisor of m and 1728?
54
Let x = 9443 - 9195. Calculate the greatest common divisor of x and 3286.
62
Suppose 0 = -89*l + 6288 + 3591. Calculate the greatest common divisor of l and 15.
3
Let a = -144 + 147. Suppose 4*f - 247 = 5*w - 4*w, -2*f - 5*w = -129. Suppose 38 - f = -a*v. What is the greatest common factor of v and 72?
8
Let r(d) = 9*d**3 - 522*d**2 + d + 322. Let w be r(58). What is the greatest common factor of 3230 and w?
190
Let w(d) = 12*d + 85. Let c(a) = -2*a - 17. Let r(u) = 22*c(u) + 4*w(u). Let l be r(9). What is the greatest common factor of 3 and l?
1
Let b = 2104 - 2054. What is the greatest common divisor of 1525 and b?
25
Let k(j) = -4*j**3 - 26*j**2 + 29*j + 66. Let f be k(-15). What is the highest common divisor of f and 18?
9
Suppose 10*n + 3*t - 35 = 5*n, 3*n = 5*t + 21. What is the highest common factor of n and 22792?
7
Suppose -u + 8*u + 196 = 0. Let v = 33 + u. Suppose z = -3*t - 0*z + 500, 652 = 4*t + v*z. Calculate the greatest common divisor of t and 24.
24
Suppose 0 = -6*l + 16 + 8. Let z be 6*237*l/24 - 2. Calculate the greatest common divisor of z and 94.
47
Let c = 511 - 1198. Let h = 896 + c. What is the greatest common divisor of 88 and h?
11
Let j be 11/((-330)/(-5466))*-5. Let y = j - -938. Let z be ((-2)/4 + 1)*324. Calculate the greatest common factor of z and y.
27
Let l = -6683 - -6729. Calculate the greatest common factor of l and 3105.
23
Suppose 0 = 4*i + 4*m - 821 - 883, 5*i - 5*m = 2140. Let z = i - -309. Calculate the greatest common divisor of 32 and z.
32
Let c = -64 + 104. Suppose c*y - 42*y + 20 = 0. What is the highest common divisor of y and 2?
2
Let t = -340 - -355. Suppose -c = -3*r - 2*c + 26, 3*r - c = 34. What is the greatest common divisor of t and r?
5
Suppose -5*b = -3 + 13. Let z = 11 + b. Let f = -1459 - -1462. What is the greatest common divisor of z and f?
3
Suppose 0 = -68*j + 175*j - 45*j - 930. What is the greatest common factor of j and 8495?
5
Let t = 612 - 278. Let l = t + -238. Suppose s + 5*s - l = 0. What is the greatest common divisor of 88 and s?
8
Let n = -2864 + 2903. Calculate the greatest common factor of n and 4173.
39
Let a = 3368 - 2603. Calculate the greatest common divisor of 102 and a.
51
Let o be (-3 - -7) + 265 + -3. Let r = -254 + o. Calculate the greatest common divisor of r and 4.
4
Suppose -5*t = -y - 73, -y + 16 = 2*t + 3*y. Suppose -6 = 5*h + t. Let p be -51*h/6 - -2. Calculate the greatest common divisor of p and 9.
9
Let g(r) = -r**3 - 44*r**2 - 210*r - 78. Let d be g(-39). Calculate the highest common divisor of 312 and d.
39
Let g = 32234 + -32218. What is the highest common factor of g and 866?
2
Let b(h) = 5*h**2 + 271*h + 42. Let i be b(14). Calculate the highest common factor of 112 and i.
112
Let k 